{"id":66,"date":"2014-09-01T15:24:36","date_gmt":"2014-09-01T15:24:36","guid":{"rendered":"http:\/\/rafalk-elblag.pl\/?page_id=66"},"modified":"2026-01-31T22:57:26","modified_gmt":"2026-01-31T22:57:26","slug":"kancelaria-parafialna","status":"publish","type":"page","link":"https:\/\/rafalk-elblag.pl\/?page_id=66","title":{"rendered":"Kancelaria Parafialna"},"content":{"rendered":"\r\n<figure class=\"wp-block-image size-large\"><a href=\"https:\/\/rafalk-elblag.pl\/wp-content\/uploads\/2023\/09\/kancelaria-1536x550-1.jpg\"><img loading=\"lazy\" decoding=\"async\" width=\"1024\" height=\"333\" class=\"wp-image-5209\" src=\"https:\/\/rafalk-elblag.pl\/wp-content\/uploads\/2023\/09\/kancelaria-1536x550-1-1024x333.jpg\" alt=\"\" srcset=\"https:\/\/rafalk-elblag.pl\/wp-content\/uploads\/2023\/09\/kancelaria-1536x550-1-1024x333.jpg 1024w, https:\/\/rafalk-elblag.pl\/wp-content\/uploads\/2023\/09\/kancelaria-1536x550-1-300x98.jpg 300w, https:\/\/rafalk-elblag.pl\/wp-content\/uploads\/2023\/09\/kancelaria-1536x550-1-768x250.jpg 768w, https:\/\/rafalk-elblag.pl\/wp-content\/uploads\/2023\/09\/kancelaria-1536x550-1.jpg 1536w\" sizes=\"auto, (max-width: 1024px) 100vw, 1024px\" \/><\/a><\/figure>\r\n\r\n\r\n\r\n<div class=\"wp-block-spacer\" style=\"height: 39px;\" aria-hidden=\"true\">&nbsp;<\/div>\r\n\r\n\r\n\r\n<div class=\"wp-block-columns is-layout-flex wp-container-core-columns-is-layout-9d6595d7 wp-block-columns-is-layout-flex\">\r\n<div class=\"wp-block-column is-layout-flow wp-block-column-is-layout-flow\" style=\"flex-basis: 33.33%;\">\r\n<h2 class=\"wp-block-heading\">Czynna jest:<\/h2>\r\n\r\n\r\n\r\n<p><b>&nbsp;<\/b><\/p>\r\n\r\n\r\n\r\n<h2><span style=\"color: #0000ff;\"><strong>\u015aRODA:&nbsp; od godz. 16.00 do godz. 17.30&nbsp;<\/strong><\/span><\/h2>\r\n<h2><span style=\"color: #0000ff;\"><strong>PI\u0104TEK:&nbsp; po Mszy \u015bw. wieczornej do godz. 19.30<\/strong><\/span><\/h2>\r\n<h2>&nbsp;<\/h2>\r\n\r\n\r\n\r\n<p>&nbsp;<\/p>\r\n<\/div>\r\n\r\n\r\n\r\n<div class=\"wp-block-column is-layout-flow wp-block-column-is-layout-flow\" style=\"flex-basis: 66.66%;\">\r\n<h2 class=\"wp-block-heading\">Dokumenty potrzebne do Sakrament\u00f3w \u015awi\u0119tych i katolickiego pogrzebu:<\/h2>\r\n\r\n\r\n<details class=\"wp-block-details is-layout-flow wp-block-details-is-layout-flow\">\r\n<summary>Chrzest \u015awi\u0119ty<\/summary>\r\n\r\n<p><strong>ZG\u0141OSZENIE CHRZTU W KANCELARII PARAFIALNEJ<\/strong><\/p>\r\n\r\n\r\n\r\n<div class=\"wp-block-spacer\" style=\"height: 15px;\" aria-hidden=\"true\">&nbsp;<\/div>\r\n\r\n\r\n\r\n<ul class=\"wp-block-list\">\r\n<li>Rodzice dziecka zg\u0142aszaj\u0105 si\u0119 do kancelarii parafialnej najp\u00f3\u017aniej dwa tygodnie przed planowanym chrztem dziecka.<\/li>\r\n\r\n\r\n\r\n<li>W naszej parafii sakramentu chrztu \u015bw. udzielamy w III niedziele miesi\u0105ca \u2013 podczas sumy parafialnej o godz. 12.00 oraz w \u015bwi\u0119ta Bo\u017cego Narodzenia i w Wielkanoc.<\/li>\r\n\r\n\r\n\r\n<li>Podczas pierwszego spotkania nale\u017cy przedstawi\u0107: skr\u00f3cony odpis aktu urodzenia dziecka z USC, dane osobowe rodzic\u00f3w dziecka oraz potwierdzenie zawarcia sakramentu ma\u0142\u017ce\u0144stwa, dane osobowe rodzic\u00f3w chrzestnych (imi\u0119 i nazwisko, data urodzenia, miejsce zamieszkania).<\/li>\r\n\r\n\r\n\r\n<li>Rodzice i rodzice chrzestni s\u0105 zobowi\u0105zani do pojednania z Bogiem w sakramencie pokuty i pojednania (fakt ten jest potwierdzony na odpowiednich formularzach).<\/li>\r\n\r\n\r\n\r\n<li>Rodzice chrzestni spoza naszej parafii musz\u0105 przedstawi\u0107 za\u015bwiadczenie, i\u017c s\u0105 wierz\u0105cymi i praktykuj\u0105cymi katolikami. Za\u015bwiadczenie wydawane jest w parafii zamieszkania chrzestnych.<\/li>\r\n\r\n\r\n\r\n<li>Rodzice i chrzestni zg\u0142aszaj\u0105 si\u0119 do zakrystii na 10 min. przed Msz\u0105 \u015bw., podczas kt\u00f3rej ma si\u0119 odby\u0107 chrzest, aby przedstawi\u0107 uzupe\u0142nione za\u015bwiadczenia oraz z\u0142o\u017cy\u0107 podpisy w ksi\u0119gach parafialnych.<\/li>\r\n\r\n\r\n\r\n<li>W przypadku, gdy dziecko maj\u0105ce przyj\u0105\u0107 chrzest nie nale\u017cy do naszej parafii, dodatkowo wymagana jest zgoda na chrzest od proboszcza parafii rodzimej.<\/li>\r\n<\/ul>\r\n<\/details>\r\n\r\n\r\n<div class=\"wp-block-spacer\" style=\"height: 15px;\" aria-hidden=\"true\">&nbsp;<\/div>\r\n\r\n\r\n<details class=\"wp-block-details is-layout-flow wp-block-details-is-layout-flow\">\r\n<summary>Bierzmowanie<\/summary>\r\n\r\n<ul class=\"wp-block-list\">\r\n<li>metryka Chrztu \u015bwi\u0119tego (je\u015bli chrzest by\u0142 po za nasz\u0105 parafi\u0105),<\/li>\r\n\r\n\r\n\r\n<li>za\u015bwiadczenie o uczestnictwie w katechezie szkolnej lub w przypadku os\u00f3b doros\u0142ych ostatnie \u015bwiadectwo katechizacji.<\/li>\r\n<\/ul>\r\n<\/details>\r\n\r\n\r\n<div class=\"wp-block-spacer\" style=\"height: 15px;\" aria-hidden=\"true\">&nbsp;<\/div>\r\n\r\n\r\n<details class=\"wp-block-details is-layout-flow wp-block-details-is-layout-flow\">\r\n<summary>Pierwsza Komunia \u015bwi\u0119ta<\/summary>\r\n\r\n<p>Przygotowanie dziecka do I Komunii \u015bwi\u0119tej rozpoczyna si\u0119 na lekcji religii od pierwszej klasy szko\u0142y podstawowej. W parafii przygotowanie rozpoczyna si\u0119 na pocz\u0105tku trzeciej klasy szko\u0142y podstawowej. Na pocz\u0105tku wrze\u015bnia rodzic\/opiekun prawny zg\u0142asza swoje dziecko przez:<\/p>\r\n\r\n\r\n\r\n<ul class=\"wp-block-list\">\r\n<li>z\u0142o\u017cenie odpowiedniego o\u015bwiadczenia w postaci deklaracji,<\/li>\r\n\r\n\r\n\r\n<li>\u015bwiadectwo chrztu \u015bwi\u0119tego (\u201eAd Sacra\u201d).<\/li>\r\n<\/ul>\r\n\r\n\r\n\r\n<div class=\"wp-block-spacer\" style=\"height: 15px;\" aria-hidden=\"true\">&nbsp;<\/div>\r\n\r\n\r\n\r\n<p>Dziecko w parafii przygotowuje si\u0119 do pierwszej Spowiedzi i Komunii \u015bwi\u0119tej, po przez:<\/p>\r\n\r\n\r\n\r\n<ul class=\"wp-block-list\">\r\n<li>udzia\u0142 wraz z rodzicami w niedzielnej i \u015bwi\u0105tecznej Mszy \u015bwi\u0119tej,<\/li>\r\n\r\n\r\n\r\n<li>udzia\u0142 w nabo\u017ce\u0144stwach okresowych,<\/li>\r\n\r\n\r\n\r\n<li>udzia\u0142 z rodzicami w co miesi\u0119cznych spotkaniach,<\/li>\r\n\r\n\r\n\r\n<li>modlitw\u0119 rodzinn\u0105,<\/li>\r\n\r\n\r\n\r\n<li>czytanie Pisma \u015awi\u0119tego.<\/li>\r\n<\/ul>\r\n<\/details>\r\n\r\n\r\n<div class=\"wp-block-spacer\" style=\"height: 15px;\" aria-hidden=\"true\">&nbsp;<\/div>\r\n\r\n\r\n<details class=\"wp-block-details is-layout-flow wp-block-details-is-layout-flow\">\r\n<summary>Ma\u0142\u017ce\u0144stwo<\/summary>\r\n\r\n<p><strong>SAKRAMENT MA\u0141\u017bE\u0143STWA ZE SKUTKAMI CYWILNYMI<br>(\u015aLUB KONKORDATOWY)<\/strong><\/p>\r\n\r\n\r\n\r\n<div class=\"wp-block-spacer\" style=\"height: 15px;\" aria-hidden=\"true\">&nbsp;<\/div>\r\n\r\n\r\n\r\n<p>Co najmniej na sze\u015b\u0107 miesi\u0119cy przed \u015blubem narzeczeni maj\u0105 obowi\u0105zek zg\u0142osi\u0107 si\u0119 osobi\u015bcie do kancelarii parafialnej celem ustalenia dok\u0142adnej daty \u015blubu, spisania protoko\u0142u przedma\u0142\u017ce\u0144skiego oraz wyg\u0142oszenia zapowiedzi przed\u015blubnych.<\/p>\r\n\r\n\r\n\r\n<div class=\"wp-block-spacer\" style=\"height: 15px;\" aria-hidden=\"true\">&nbsp;<\/div>\r\n\r\n\r\n\r\n<p>Wymagane dokumenty:<\/p>\r\n\r\n\r\n\r\n<ul class=\"wp-block-list\">\r\n<li>akty chrztu \u015bw. narzeczonych wydane przez parafi\u0119 chrztu (nie starsze ni\u017c 6 miesi\u0119cy od daty planowanego \u015blubu),<\/li>\r\n\r\n\r\n\r\n<li>za\u015bwiadczenie stwierdzaj\u0105ce brak okoliczno\u015bci wy\u0142\u0105czaj\u0105cych zawarcie ma\u0142\u017ce\u0144stwa z USC w trzech egzemplarzach (nie starsze ni\u017c 3 miesi\u0105ce od daty planowanego \u015blubu),<\/li>\r\n\r\n\r\n\r\n<li>dowody osobiste.<\/li>\r\n<\/ul>\r\n\r\n\r\n\r\n<div class=\"wp-block-spacer\" style=\"height: 15px;\" aria-hidden=\"true\">&nbsp;<\/div>\r\n\r\n\r\n\r\n<p>W przypadku, gdy obydwoje narzeczeni nie s\u0105 naszymi parafianami, wymagana jest licencja na pob\u0142ogos\u0142awienie ma\u0142\u017ce\u0144stwa w parafii tutejszej lub zgoda proboszcza jednego z narzeczonych na \u015blub poza parafi\u0105 rodzim\u0105.<\/p>\r\n<\/details>\r\n\r\n\r\n<div class=\"wp-block-spacer\" style=\"height: 15px;\" aria-hidden=\"true\">&nbsp;<\/div>\r\n\r\n\r\n<details class=\"wp-block-details is-layout-flow wp-block-details-is-layout-flow\">\r\n<summary>Katolicki pogrzeb<\/summary>\r\n\r\n<ul class=\"wp-block-list\">\r\n<li>akt zgonu wydany przez USC,<\/li>\r\n\r\n\r\n\r\n<li>kart\u0119 zgonu wystawion\u0105 przez lekarza stwierdzaj\u0105cego zgon,<\/li>\r\n\r\n\r\n\r\n<li>za\u015bwiadczenie o udzieleniu sakrament\u00f3w (pokuty, chorych oraz wiatyku),<\/li>\r\n\r\n\r\n\r\n<li>je\u015bli zmar\u0142y nie mieszka\u0142 na terenie naszej parafii zgoda proboszcza parafii zamieszkania zmar\u0142ego na pogrzeb po za parafi\u0105 zmar\u0142ego,<\/li>\r\n<\/ul>\r\n<\/details><\/div>\r\n<\/div>\r\n\r\n\r\n\r\n<div class=\"wp-block-spacer\" style=\"height: 39px;\" aria-hidden=\"true\">&nbsp;<\/div>\r\n\r\n\r\n\r\n<h2 class=\"wp-block-heading\">Klauzura RODO<\/h2>\r\n\r\n\r\n\r\n<p>Informujemy, \u017ce od dnia 25 maja 2018 r.. zgodnie z rozporz\u0105dzeniem Parlamentu Europejskiego i Rady UE wesz\u0142y przepisy dotycz\u0105ce kwestii przetwarzania danych osobowych i w sprawie swobodnego przep\u0142ywu takich danych. Przepisy te nak\u0142adaj\u0105 na administrator\u00f3w danych konieczno\u015b\u0107 bezwzgl\u0119dnej ich ochrony.<br>W zwi\u0105zku z tym wszelkiego rodzaju za\u015bwiadczenia wydawane w kancelarii parafialnej, b\u0119d\u0105 udost\u0119pnione tylko osobom bezpo\u015brednio zainteresowanym, po przedstawieniu dowodu to\u017csamo\u015bci lub osobom trzecim maj\u0105cym upowa\u017cnienie pisemne do pobrania takich danych.<\/p>\r\n\r\n\r\n\r\n<div class=\"wp-block-columns is-layout-flex wp-container-core-columns-is-layout-9d6595d7 wp-block-columns-is-layout-flex\">\r\n<div class=\"wp-block-column is-layout-flow wp-block-column-is-layout-flow\">\r\n<div class=\"wp-block-buttons is-layout-flex wp-block-buttons-is-layout-flex\">\r\n<div class=\"wp-block-button\"><a class=\"wp-block-button__link wp-element-button\" href=\"http:\/\/rafalk-elblag.pl\/wp-content\/uploads\/2023\/09\/Upowaznienie.pdf\"><mark class=\"has-inline-color has-white-color\" style=\"background-color: rgba(0, 0, 0, 0);\">Upowa\u017cnienie do odbioru dokumentu<\/mark><\/a><\/div>\r\n<\/div>\r\n<\/div>\r\n\r\n\r\n\r\n<div class=\"wp-block-column is-layout-flow wp-block-column-is-layout-flow\">\r\n<div class=\"wp-block-buttons is-layout-flex wp-block-buttons-is-layout-flex\">\r\n<div class=\"wp-block-button\"><a class=\"wp-block-button__link wp-element-button\" href=\"http:\/\/rafalk-elblag.pl\/wp-content\/uploads\/2023\/09\/Oswiadczenie.pdf\"><mark class=\"has-inline-color has-white-color\" style=\"background-color: rgba(0, 0, 0, 0);\">O\u015bwiadczenie o otrzymanym upowa\u017cnieniu<\/mark><\/a><\/div>\r\n<\/div>\r\n<\/div>\r\n<\/div>\r\n","protected":false},"excerpt":{"rendered":"<p>Czynna jest: &nbsp; \u015aRODA:&nbsp; od godz. 16.00 do godz. 17.30&nbsp; PI\u0104TEK:&nbsp; po Mszy \u015bw. wieczornej do godz. 19.30 &nbsp; &nbsp; Dokumenty potrzebne do Sakrament\u00f3w \u015awi\u0119tych i katolickiego pogrzebu: Klauzura RODO Informujemy, \u017ce od dnia 25 maja 2018 r.. zgodnie z rozporz\u0105dzeniem Parlamentu Europejskiego i Rady UE wesz\u0142y przepisy dotycz\u0105ce kwestii przetwarzania danych osobowych i w [&hellip;]<\/p>\n","protected":false},"author":1,"featured_media":0,"parent":0,"menu_order":0,"comment_status":"closed","ping_status":"closed","template":"","meta":{"ngg_post_thumbnail":0,"footnotes":""},"class_list":["post-66","page","type-page","status-publish","hentry"],"_links":{"self":[{"href":"https:\/\/rafalk-elblag.pl\/index.php?rest_route=\/wp\/v2\/pages\/66","targetHints":{"allow":["GET"]}}],"collection":[{"href":"https:\/\/rafalk-elblag.pl\/index.php?rest_route=\/wp\/v2\/pages"}],"about":[{"href":"https:\/\/rafalk-elblag.pl\/index.php?rest_route=\/wp\/v2\/types\/page"}],"author":[{"embeddable":true,"href":"https:\/\/rafalk-elblag.pl\/index.php?rest_route=\/wp\/v2\/users\/1"}],"replies":[{"embeddable":true,"href":"https:\/\/rafalk-elblag.pl\/index.php?rest_route=%2Fwp%2Fv2%2Fcomments&post=66"}],"version-history":[{"count":49,"href":"https:\/\/rafalk-elblag.pl\/index.php?rest_route=\/wp\/v2\/pages\/66\/revisions"}],"predecessor-version":[{"id":6053,"href":"https:\/\/rafalk-elblag.pl\/index.php?rest_route=\/wp\/v2\/pages\/66\/revisions\/6053"}],"wp:attachment":[{"href":"https:\/\/rafalk-elblag.pl\/index.php?rest_route=%2Fwp%2Fv2%2Fmedia&parent=66"}],"curies":[{"name":"wp","href":"https:\/\/api.w.org\/{rel}","templated":true}]}}

<figure class="wp-block-image size-large"><a href="https://rafalk-elblag.pl/wp-content/uploads/2023/09/kancelaria-1536x550-1.jpg"><img loading="lazy" decoding="async" width="1024" height="333" class="wp-image-5209" src="https://rafalk-elblag.pl/wp-content/uploads/2023/09/kancelaria-1536x550-1-1024x333.jpg" alt="" srcset="https://rafalk-elblag.pl/wp-content/uploads/2023/09/kancelaria-1536x550-1-1024x333.jpg 1024w, https://rafalk-elblag.pl/wp-content/uploads/2023/09/kancelaria-1536x550-1-300x98.jpg 300w, https://rafalk-elblag.pl/wp-content/uploads/2023/09/kancelaria-1536x550-1-768x250.jpg 768w, https://rafalk-elblag.pl/wp-content/uploads/2023/09/kancelaria-1536x550-1.jpg 1536w" sizes="auto, (max-width: 1024px) 100vw, 1024px" /></a></figure>



<div class="wp-block-spacer" style="height: 39px;" aria-hidden="true">&nbsp;</div>



<div class="wp-block-columns is-layout-flex wp-container-core-columns-is-layout-9d6595d7 wp-block-columns-is-layout-flex">
<div class="wp-block-column is-layout-flow wp-block-column-is-layout-flow" style="flex-basis: 33.33%;">
<h2 class="wp-block-heading">Czynna jest:</h2>



<p><b>&nbsp;</b></p>



<h2><span style="color: #0000ff;"><strong>ŚRODA:&nbsp; od godz. 16.00 do godz. 17.30&nbsp;</strong></span></h2>
<h2><span style="color: #0000ff;"><strong>PIĄTEK:&nbsp; po Mszy św. wieczornej do godz. 19.30</strong></span></h2>
<h2>&nbsp;</h2>



<p>&nbsp;</p>
</div>



<div class="wp-block-column is-layout-flow wp-block-column-is-layout-flow" style="flex-basis: 66.66%;">
<h2 class="wp-block-heading">Dokumenty potrzebne do Sakramentów Świętych i katolickiego pogrzebu:</h2>


<details class="wp-block-details is-layout-flow wp-block-details-is-layout-flow">
<summary>Chrzest Święty</summary>

<p><strong>ZGŁOSZENIE CHRZTU W KANCELARII PARAFIALNEJ</strong></p>



<div class="wp-block-spacer" style="height: 15px;" aria-hidden="true">&nbsp;</div>



<ul class="wp-block-list">
<li>Rodzice dziecka zgłaszają się do kancelarii parafialnej najpóźniej dwa tygodnie przed planowanym chrztem dziecka.</li>



<li>W naszej parafii sakramentu chrztu św. udzielamy w III niedziele miesiąca – podczas sumy parafialnej o godz. 12.00 oraz w święta Bożego Narodzenia i w Wielkanoc.</li>



<li>Podczas pierwszego spotkania należy przedstawić: skrócony odpis aktu urodzenia dziecka z USC, dane osobowe rodziców dziecka oraz potwierdzenie zawarcia sakramentu małżeństwa, dane osobowe rodziców chrzestnych (imię i nazwisko, data urodzenia, miejsce zamieszkania).</li>



<li>Rodzice i rodzice chrzestni są zobowiązani do pojednania z Bogiem w sakramencie pokuty i pojednania (fakt ten jest potwierdzony na odpowiednich formularzach).</li>



<li>Rodzice chrzestni spoza naszej parafii muszą przedstawić zaświadczenie, iż są wierzącymi i praktykującymi katolikami. Zaświadczenie wydawane jest w parafii zamieszkania chrzestnych.</li>



<li>Rodzice i chrzestni zgłaszają się do zakrystii na 10 min. przed Mszą św., podczas której ma się odbyć chrzest, aby przedstawić uzupełnione zaświadczenia oraz złożyć podpisy w księgach parafialnych.</li>



<li>W przypadku, gdy dziecko mające przyjąć chrzest nie należy do naszej parafii, dodatkowo wymagana jest zgoda na chrzest od proboszcza parafii rodzimej.</li>
</ul>
</details>


<div class="wp-block-spacer" style="height: 15px;" aria-hidden="true">&nbsp;</div>


<details class="wp-block-details is-layout-flow wp-block-details-is-layout-flow">
<summary>Bierzmowanie</summary>

<ul class="wp-block-list">
<li>metryka Chrztu świętego (jeśli chrzest był po za naszą parafią),</li>



<li>zaświadczenie o uczestnictwie w katechezie szkolnej lub w przypadku osób dorosłych ostatnie świadectwo katechizacji.</li>
</ul>
</details>


<div class="wp-block-spacer" style="height: 15px;" aria-hidden="true">&nbsp;</div>


<details class="wp-block-details is-layout-flow wp-block-details-is-layout-flow">
<summary>Pierwsza Komunia święta</summary>

<p>Przygotowanie dziecka do I Komunii świętej rozpoczyna się na lekcji religii od pierwszej klasy szkoły podstawowej. W parafii przygotowanie rozpoczyna się na początku trzeciej klasy szkoły podstawowej. Na początku września rodzic/opiekun prawny zgłasza swoje dziecko przez:</p>



<ul class="wp-block-list">
<li>złożenie odpowiedniego oświadczenia w postaci deklaracji,</li>



<li>świadectwo chrztu świętego („Ad Sacra”).</li>
</ul>



<div class="wp-block-spacer" style="height: 15px;" aria-hidden="true">&nbsp;</div>



<p>Dziecko w parafii przygotowuje się do pierwszej Spowiedzi i Komunii świętej, po przez:</p>



<ul class="wp-block-list">
<li>udział wraz z rodzicami w niedzielnej i świątecznej Mszy świętej,</li>



<li>udział w nabożeństwach okresowych,</li>



<li>udział z rodzicami w co miesięcznych spotkaniach,</li>



<li>modlitwę rodzinną,</li>



<li>czytanie Pisma Świętego.</li>
</ul>
</details>


<div class="wp-block-spacer" style="height: 15px;" aria-hidden="true">&nbsp;</div>


<details class="wp-block-details is-layout-flow wp-block-details-is-layout-flow">
<summary>Małżeństwo</summary>

<p><strong>SAKRAMENT MAŁŻEŃSTWA ZE SKUTKAMI CYWILNYMI<br>(ŚLUB KONKORDATOWY)</strong></p>



<div class="wp-block-spacer" style="height: 15px;" aria-hidden="true">&nbsp;</div>



<p>Co najmniej na sześć miesięcy przed ślubem narzeczeni mają obowiązek zgłosić się osobiście do kancelarii parafialnej celem ustalenia dokładnej daty ślubu, spisania protokołu przedmałżeńskiego oraz wygłoszenia zapowiedzi przedślubnych.</p>



<div class="wp-block-spacer" style="height: 15px;" aria-hidden="true">&nbsp;</div>



<p>Wymagane dokumenty:</p>



<ul class="wp-block-list">
<li>akty chrztu św. narzeczonych wydane przez parafię chrztu (nie starsze niż 6 miesięcy od daty planowanego ślubu),</li>



<li>zaświadczenie stwierdzające brak okoliczności wyłączających zawarcie małżeństwa z USC w trzech egzemplarzach (nie starsze niż 3 miesiące od daty planowanego ślubu),</li>



<li>dowody osobiste.</li>
</ul>



<div class="wp-block-spacer" style="height: 15px;" aria-hidden="true">&nbsp;</div>



<p>W przypadku, gdy obydwoje narzeczeni nie są naszymi parafianami, wymagana jest licencja na pobłogosławienie małżeństwa w parafii tutejszej lub zgoda proboszcza jednego z narzeczonych na ślub poza parafią rodzimą.</p>
</details>


<div class="wp-block-spacer" style="height: 15px;" aria-hidden="true">&nbsp;</div>


<details class="wp-block-details is-layout-flow wp-block-details-is-layout-flow">
<summary>Katolicki pogrzeb</summary>

<ul class="wp-block-list">
<li>akt zgonu wydany przez USC,</li>



<li>kartę zgonu wystawioną przez lekarza stwierdzającego zgon,</li>



<li>zaświadczenie o udzieleniu sakramentów (pokuty, chorych oraz wiatyku),</li>



<li>jeśli zmarły nie mieszkał na terenie naszej parafii zgoda proboszcza parafii zamieszkania zmarłego na pogrzeb po za parafią zmarłego,</li>
</ul>
</details></div>
</div>



<div class="wp-block-spacer" style="height: 39px;" aria-hidden="true">&nbsp;</div>



<h2 class="wp-block-heading">Klauzura RODO</h2>



<p>Informujemy, że od dnia 25 maja 2018 r.. zgodnie z rozporządzeniem Parlamentu Europejskiego i Rady UE weszły przepisy dotyczące kwestii przetwarzania danych osobowych i w sprawie swobodnego przepływu takich danych. Przepisy te nakładają na administratorów danych konieczność bezwzględnej ich ochrony.<br>W związku z tym wszelkiego rodzaju zaświadczenia wydawane w kancelarii parafialnej, będą udostępnione tylko osobom bezpośrednio zainteresowanym, po przedstawieniu dowodu tożsamości lub osobom trzecim mającym upoważnienie pisemne do pobrania takich danych.</p>



<div class="wp-block-columns is-layout-flex wp-container-core-columns-is-layout-9d6595d7 wp-block-columns-is-layout-flex">
<div class="wp-block-column is-layout-flow wp-block-column-is-layout-flow">
<div class="wp-block-buttons is-layout-flex wp-block-buttons-is-layout-flex">
<div class="wp-block-button"><a class="wp-block-button__link wp-element-button" href="http://rafalk-elblag.pl/wp-content/uploads/2023/09/Upowaznienie.pdf"><mark class="has-inline-color has-white-color" style="background-color: rgba(0, 0, 0, 0);">Upoważnienie do odbioru dokumentu</mark></a></div>
</div>
</div>



<div class="wp-block-column is-layout-flow wp-block-column-is-layout-flow">
<div class="wp-block-buttons is-layout-flex wp-block-buttons-is-layout-flex">
<div class="wp-block-button"><a class="wp-block-button__link wp-element-button" href="http://rafalk-elblag.pl/wp-content/uploads/2023/09/Oswiadczenie.pdf"><mark class="has-inline-color has-white-color" style="background-color: rgba(0, 0, 0, 0);">Oświadczenie o otrzymanym upoważnieniu</mark></a></div>
</div>
</div>
</div>

<p>Czynna jest: &nbsp; ŚRODA:&nbsp; od godz. 16.00 do godz. 17.30&nbsp; PIĄTEK:&nbsp; po Mszy św. wieczornej do godz. 19.30 &nbsp; &nbsp; Dokumenty potrzebne do Sakramentów Świętych i katolickiego pogrzebu: Klauzura RODO Informujemy, że od dnia 25 maja 2018 r.. zgodnie z rozporządzeniem Parlamentu Europejskiego i Rady UE weszły przepisy dotyczące kwestii przetwarzania danych osobowych i w [&hellip;]</p>
