{"id":5517,"date":"2024-08-19T08:18:46","date_gmt":"2024-08-19T08:18:46","guid":{"rendered":"https:\/\/rafalk-elblag.pl\/?page_id=5517"},"modified":"2024-08-19T08:18:46","modified_gmt":"2024-08-19T08:18:46","slug":"standardy-ochrony-dzieci-i-doroslych-bezbronnych-w-duszpasterstwie-parafialnym","status":"publish","type":"page","link":"https:\/\/rafalk-elblag.pl\/?page_id=5517","title":{"rendered":"Standardy ochrony dzieci i doros\u0142ych bezbronnych w duszpasterstwie parafialnym"},"content":{"rendered":"\n<p>Zamieszczony dokument stanowi realizacj\u0119 obowi\u0105zku prawnego dotycz\u0105cego wprowadzenia we wszelkich instytucjach, w kt\u00f3rych przebywaj\u0105 dzieci, standard\u00f3w ich ochrony przed krzywdzeniem [<em>Ustawa z dnia 28 lipca 2023 roku o zmianie ustawy Kodeks rodzinny i opieku\u0144czy oraz niekt\u00f3rych innych ustaw<\/em>\u00a0(Dz.U. 2023 poz. 1606)].\u00a0<\/p>\n\n\n\n<div data-wp-interactive=\"core\/file\" class=\"wp-block-file\"><object data-wp-bind--hidden=\"!state.hasPdfPreview\" hidden class=\"wp-block-file__embed\" data=\"https:\/\/rafalk-elblag.pl\/wp-content\/uploads\/2024\/08\/Standardy-ochrony-w-parafii.pdf\" type=\"application\/pdf\" style=\"width:100%;height:600px\" aria-label=\"Osadzone z Standardy-ochrony-w-parafii.\"><\/object><a id=\"wp-block-file--media-04a4e6ef-c706-4ee2-9fc0-67259342b473\" href=\"https:\/\/rafalk-elblag.pl\/wp-content\/uploads\/2024\/08\/Standardy-ochrony-w-parafii.pdf\">Standardy-ochrony-w-parafii<\/a><a href=\"https:\/\/rafalk-elblag.pl\/wp-content\/uploads\/2024\/08\/Standardy-ochrony-w-parafii.pdf\" class=\"wp-block-file__button wp-element-button\" download aria-describedby=\"wp-block-file--media-04a4e6ef-c706-4ee2-9fc0-67259342b473\">Pobierz<\/a><\/div>\n","protected":false},"excerpt":{"rendered":"<p>Zamieszczony dokument stanowi realizacj\u0119 obowi\u0105zku prawnego dotycz\u0105cego wprowadzenia we wszelkich instytucjach, w kt\u00f3rych przebywaj\u0105 dzieci, standard\u00f3w ich ochrony przed krzywdzeniem [Ustawa z dnia 28 lipca 2023 roku o zmianie ustawy Kodeks rodzinny i opieku\u0144czy oraz niekt\u00f3rych innych ustaw\u00a0(Dz.U. 2023 poz. 1606)].\u00a0<\/p>\n","protected":false},"author":1,"featured_media":0,"parent":0,"menu_order":0,"comment_status":"closed","ping_status":"closed","template":"","meta":{"ngg_post_thumbnail":0,"footnotes":""},"class_list":["post-5517","page","type-page","status-publish","hentry"],"_links":{"self":[{"href":"https:\/\/rafalk-elblag.pl\/index.php?rest_route=\/wp\/v2\/pages\/5517","targetHints":{"allow":["GET"]}}],"collection":[{"href":"https:\/\/rafalk-elblag.pl\/index.php?rest_route=\/wp\/v2\/pages"}],"about":[{"href":"https:\/\/rafalk-elblag.pl\/index.php?rest_route=\/wp\/v2\/types\/page"}],"author":[{"embeddable":true,"href":"https:\/\/rafalk-elblag.pl\/index.php?rest_route=\/wp\/v2\/users\/1"}],"replies":[{"embeddable":true,"href":"https:\/\/rafalk-elblag.pl\/index.php?rest_route=%2Fwp%2Fv2%2Fcomments&post=5517"}],"version-history":[{"count":1,"href":"https:\/\/rafalk-elblag.pl\/index.php?rest_route=\/wp\/v2\/pages\/5517\/revisions"}],"predecessor-version":[{"id":5519,"href":"https:\/\/rafalk-elblag.pl\/index.php?rest_route=\/wp\/v2\/pages\/5517\/revisions\/5519"}],"wp:attachment":[{"href":"https:\/\/rafalk-elblag.pl\/index.php?rest_route=%2Fwp%2Fv2%2Fmedia&parent=5517"}],"curies":[{"name":"wp","href":"https:\/\/api.w.org\/{rel}","templated":true}]}}

Standardy ochrony dzieci i dorosłych bezbronnych w duszpasterstwie parafialnym

<p>Zamieszczony dokument stanowi realizację obowiązku prawnego dotyczącego wprowadzenia we wszelkich instytucjach, w których przebywają dzieci, standardów ich ochrony przed krzywdzeniem [<em>Ustawa z dnia 28 lipca 2023 roku o zmianie ustawy Kodeks rodzinny i opiekuńczy oraz niektórych innych ustaw</em> (Dz.U. 2023 poz. 1606)]. </p>



<div data-wp-interactive="core/file" class="wp-block-file"><object data-wp-bind--hidden="!state.hasPdfPreview" hidden class="wp-block-file__embed" data="https://rafalk-elblag.pl/wp-content/uploads/2024/08/Standardy-ochrony-w-parafii.pdf" type="application/pdf" style="width:100%;height:600px" aria-label="Osadzone z Standardy-ochrony-w-parafii."></object><a id="wp-block-file--media-04a4e6ef-c706-4ee2-9fc0-67259342b473" href="https://rafalk-elblag.pl/wp-content/uploads/2024/08/Standardy-ochrony-w-parafii.pdf">Standardy-ochrony-w-parafii</a><a href="https://rafalk-elblag.pl/wp-content/uploads/2024/08/Standardy-ochrony-w-parafii.pdf" class="wp-block-file__button wp-element-button" download aria-describedby="wp-block-file--media-04a4e6ef-c706-4ee2-9fc0-67259342b473">Pobierz</a></div>

<p>Zamieszczony dokument stanowi realizację obowiązku prawnego dotyczącego wprowadzenia we wszelkich instytucjach, w których przebywają dzieci, standardów ich ochrony przed krzywdzeniem [Ustawa z dnia 28 lipca 2023 roku o zmianie ustawy Kodeks rodzinny i opiekuńczy oraz niektórych innych ustaw (Dz.U. 2023 poz. 1606)]. </p>
