{"id":4554,"date":"2022-01-02T19:20:05","date_gmt":"2022-01-02T19:20:05","guid":{"rendered":"http:\/\/rafalk-elblag.pl\/?page_id=4554"},"modified":"2022-01-02T19:20:05","modified_gmt":"2022-01-02T19:20:05","slug":"plan-koledy-2022","status":"publish","type":"page","link":"https:\/\/rafalk-elblag.pl\/?page_id=4554","title":{"rendered":"Plan kol\u0119dy 2022"},"content":{"rendered":"<h1>Drodzy Parafianie!<\/h1>\n<p>Okres po \u015bwi\u0119tach Bo\u017cego Narodzenia to tradycyjnie czas kol\u0119dy w parafiach. Po raz kolejny epidemia utrudnia nam Wizyty Duszpasterskie. Robimy to wy\u0142\u0105cznie na wyra\u017ane zaproszenie rodzin. Zapis\u00f3w mo\u017cna dokonywa\u0107 poprzez wypisane kartki z zaproszeniem na kol\u0119d\u0119 i dostarczenie ich do zakrystii lub z\u0142o\u017cenie na tac\u0119.<\/p>\n<p>W celach organizacyjnych prosimy o mo\u017cliwie jak najszybsze sk\u0142adanie zapis\u00f3w do 9 stycznia 2022 roku.<\/p>\n<p>Poni\u017cej podajemy plan wizyty duszpasterskiej. W tych dniach ksi\u0119\u017ca odwiedz\u0105 rodziny, kt\u00f3re wcze\u015bniej wyrazi\u0142y ch\u0119\u0107 kol\u0119dy.<\/p>\n\n\n<figure class=\"wp-block-image size-full is-resized\"><a href=\"https:\/\/rafalk-elblag.pl\/wp-content\/uploads\/2022\/01\/plan-koledy-2022-tabela.jpg\"><img loading=\"lazy\" decoding=\"async\" src=\"https:\/\/rafalk-elblag.pl\/wp-content\/uploads\/2022\/01\/plan-koledy-2022-tabela.jpg\" alt=\"\" class=\"wp-image-4555\" width=\"1170\" height=\"885\" srcset=\"https:\/\/rafalk-elblag.pl\/wp-content\/uploads\/2022\/01\/plan-koledy-2022-tabela.jpg 1170w, https:\/\/rafalk-elblag.pl\/wp-content\/uploads\/2022\/01\/plan-koledy-2022-tabela-300x227.jpg 300w, https:\/\/rafalk-elblag.pl\/wp-content\/uploads\/2022\/01\/plan-koledy-2022-tabela-1024x775.jpg 1024w, https:\/\/rafalk-elblag.pl\/wp-content\/uploads\/2022\/01\/plan-koledy-2022-tabela-768x581.jpg 768w\" sizes=\"auto, (max-width: 1170px) 100vw, 1170px\" \/><\/a><\/figure>\n\n\n<p><strong>Parafian z wyznaczonych ulic zapraszamy wed\u0142ug podanego planu na Msz\u0119 \u015awi\u0119t\u0105 o godz. 15:00, po kt\u00f3rej udamy si\u0119 z kol\u0119d\u0105 do rodzin przez kt\u00f3re wcze\u015bniej zostali\u015bmy zaproszeni. Natomiast w sobot\u0119 Msza \u015bw. w intencjach rodzin nawiedzanych tego dnia b\u0119dzie odprawiana o godz. 8:00.<\/strong><\/p>\n<p><strong>W tym roku \u201ewizyta\u201d kol\u0119dowa sk\u0142ada\u0142aby si\u0119 z dw\u00f3ch cz\u0119\u015bci. W ci\u0105gu kolejnych dni od 10 do 29 stycznia (opr\u00f3cz sob\u00f3t i niedziel) b\u0119dziemy si\u0119 spotyka\u0107 w naszym Ko\u015bciele wg za\u0142\u0105czonego porz\u0105dku o godz. 15:00 na Mszy \u015awi\u0119tej sprawowanej w intencji rodzin z danej ulicy (bloku \/ domu), kt\u00f3re terytorialnie obejmuje parafia.<\/strong><\/p>\n<p>Chcieliby\u015bmy, \u017ceby do ko\u015bcio\u0142a przybyli przedstawiciele rodzin a szczeg\u00f3lnie Ci kt\u00f3rzy z tradycyjnej kol\u0119dy w tym roku nie skorzystaj\u0105. Po zako\u0144czonej Mszy b\u0119dziemy rozdawali wod\u0119 \u015bwi\u0119con\u0105 (przygotowan\u0105 ju\u017c w buteleczkach), obrazek z tekstem modlitwy b\u0142ogos\u0142awie\u0144stwa oraz po\u015bwi\u0119con\u0105 kred\u0119 do oznaczenia drzwi naszych mieszka\u0144. Nasz\u0105 modlitw\u0105 pragniemy okaza\u0107 duchowe wsparcie dla wszystkich, zmagaj\u0105cych si\u0119 z pandemi\u0105 a szczeg\u00f3lnie chorych, przebywaj\u0105cych w szpitalach lub na kwarantannie.<\/p>\n<p>Zach\u0119camy, aby druga cz\u0119\u015b\u0107 modlitwy mia\u0142a miejsce w mieszkaniach \/ domach w czasie \u201eWieczoru kol\u0119dowego\u201d w gronie rodziny, bez obecno\u015bci kap\u0142ana. Taki uroczysty wiecz\u00f3r b\u0119dzie przed\u0142u\u017ceniem i okazj\u0105 do przekazania b\u0142ogos\u0142awie\u0144stwa, otrzymanego w \u015bwi\u0105tyni parafialnej. Prosimy, aby to spotkanie rodziny \u2013 nie odbywa\u0142o si\u0119 w po\u015bpiechu, ale z g\u0142\u0119bokim duchowym prze\u017cyciem liturgii domowej. Dobrze by by\u0142o przygotowa\u0107 mieszkanie tak jak robimy to, gdy przychodzi kap\u0142an. Przedstawiciel rodziny niech poprowadzi to spotkanie modlitewne pami\u0119taj\u0105c o obecno\u015bci Boga we wsp\u00f3lnocie.<\/p>\n<p><strong>Mo\u017cna pos\u0142u\u017cy\u0107 si\u0119 poni\u017cszym schematem:<\/strong><\/p>\n<p>1. \u015apiew kol\u0119dy \u2013 np. \u201eW\u015br\u00f3d nocnej ciszy\u201d lub \u201eGdy si\u0119 Chrystus rodzi\u201d.<br>2. Zapalenie \u015bwiec.<br>3. Prowadz\u0105cy wykonuje znak krzy\u017ca.<br>4. Wypowiada s\u0142owa:<br>Kochani, nadszed\u0142 szczeg\u00f3lny czas, kiedy to gromadzimy si\u0119 przy kol\u0119dowym stole, aby prosi\u0107 Boga o b\u0142ogos\u0142awie\u0144stwo dla Nas i zawierzy\u0107 Mu nasz\u0105 Rodzin\u0119 i nas samych. W \u0142\u0105czno\u015bci duchowej z kap\u0142anami naszej parafii, pro\u015bmy Pana o oddalenie epidemii i o szczeg\u00f3lne \u0142aski tak bardzo potrzebne dla ka\u017cdego z nas. Niech nasza modlitwa dotrze do Boga, niech b\u0119dzie to chwila adoracji Bo\u017cej Dzieciny, a tym samym oddaniem chwa\u0142y Bogu w Tr\u00f3jcy Jedynemu.<br>5. Indywidualna modlitwa w ciszy \/ wypowiedziana na g\u0142os w osobistych intencjach.<br>6. Wsp\u00f3lna modlitwa \u201eOjcze nasz\u201d.<br>7. Modlitwa b\u0142ogos\u0142awie\u0144stwa (do\u0142\u0105czona na obrazku)<br>8. Pokropienie wod\u0105 mieszkania.<\/p>\n<p>Po odbytej domowej liturgii, zach\u0119camy do wsp\u00f3lnej kolacji, aby przed\u0142u\u017cy\u0107 t\u0119 uroczyst\u0105 chwil\u0119.<\/p>\n\n\n<p><\/p>\n","protected":false},"excerpt":{"rendered":"<p>Drodzy Parafianie! Okres po \u015bwi\u0119tach Bo\u017cego Narodzenia to tradycyjnie czas kol\u0119dy w parafiach. Po raz kolejny epidemia utrudnia nam Wizyty Duszpasterskie. Robimy to wy\u0142\u0105cznie na wyra\u017ane zaproszenie rodzin. Zapis\u00f3w mo\u017cna dokonywa\u0107 poprzez wypisane kartki z zaproszeniem na kol\u0119d\u0119 i dostarczenie ich do zakrystii lub z\u0142o\u017cenie na tac\u0119. W celach organizacyjnych prosimy o mo\u017cliwie jak najszybsze [&hellip;]<\/p>\n","protected":false},"author":1,"featured_media":0,"parent":0,"menu_order":0,"comment_status":"closed","ping_status":"closed","template":"","meta":{"ngg_post_thumbnail":0,"footnotes":""},"class_list":["post-4554","page","type-page","status-publish","hentry"],"_links":{"self":[{"href":"https:\/\/rafalk-elblag.pl\/index.php?rest_route=\/wp\/v2\/pages\/4554","targetHints":{"allow":["GET"]}}],"collection":[{"href":"https:\/\/rafalk-elblag.pl\/index.php?rest_route=\/wp\/v2\/pages"}],"about":[{"href":"https:\/\/rafalk-elblag.pl\/index.php?rest_route=\/wp\/v2\/types\/page"}],"author":[{"embeddable":true,"href":"https:\/\/rafalk-elblag.pl\/index.php?rest_route=\/wp\/v2\/users\/1"}],"replies":[{"embeddable":true,"href":"https:\/\/rafalk-elblag.pl\/index.php?rest_route=%2Fwp%2Fv2%2Fcomments&post=4554"}],"version-history":[{"count":1,"href":"https:\/\/rafalk-elblag.pl\/index.php?rest_route=\/wp\/v2\/pages\/4554\/revisions"}],"predecessor-version":[{"id":4556,"href":"https:\/\/rafalk-elblag.pl\/index.php?rest_route=\/wp\/v2\/pages\/4554\/revisions\/4556"}],"wp:attachment":[{"href":"https:\/\/rafalk-elblag.pl\/index.php?rest_route=%2Fwp%2Fv2%2Fmedia&parent=4554"}],"curies":[{"name":"wp","href":"https:\/\/api.w.org\/{rel}","templated":true}]}}

Plan kolędy 2022

<h1>Drodzy Parafianie!</h1>
<p>Okres po świętach Bożego Narodzenia to tradycyjnie czas kolędy w parafiach. Po raz kolejny epidemia utrudnia nam Wizyty Duszpasterskie. Robimy to wyłącznie na wyraźne zaproszenie rodzin. Zapisów można dokonywać poprzez wypisane kartki z zaproszeniem na kolędę i dostarczenie ich do zakrystii lub złożenie na tacę.</p>
<p>W celach organizacyjnych prosimy o możliwie jak najszybsze składanie zapisów do 9 stycznia 2022 roku.</p>
<p>Poniżej podajemy plan wizyty duszpasterskiej. W tych dniach księża odwiedzą rodziny, które wcześniej wyraziły chęć kolędy.</p>


<figure class="wp-block-image size-full is-resized"><a href="https://rafalk-elblag.pl/wp-content/uploads/2022/01/plan-koledy-2022-tabela.jpg"><img loading="lazy" decoding="async" src="https://rafalk-elblag.pl/wp-content/uploads/2022/01/plan-koledy-2022-tabela.jpg" alt="" class="wp-image-4555" width="1170" height="885" srcset="https://rafalk-elblag.pl/wp-content/uploads/2022/01/plan-koledy-2022-tabela.jpg 1170w, https://rafalk-elblag.pl/wp-content/uploads/2022/01/plan-koledy-2022-tabela-300x227.jpg 300w, https://rafalk-elblag.pl/wp-content/uploads/2022/01/plan-koledy-2022-tabela-1024x775.jpg 1024w, https://rafalk-elblag.pl/wp-content/uploads/2022/01/plan-koledy-2022-tabela-768x581.jpg 768w" sizes="auto, (max-width: 1170px) 100vw, 1170px" /></a></figure>


<p><strong>Parafian z wyznaczonych ulic zapraszamy według podanego planu na Mszę Świętą o godz. 15:00, po której udamy się z kolędą do rodzin przez które wcześniej zostaliśmy zaproszeni. Natomiast w sobotę Msza św. w intencjach rodzin nawiedzanych tego dnia będzie odprawiana o godz. 8:00.</strong></p>
<p><strong>W tym roku „wizyta” kolędowa składałaby się z dwóch części. W ciągu kolejnych dni od 10 do 29 stycznia (oprócz sobót i niedziel) będziemy się spotykać w naszym Kościele wg załączonego porządku o godz. 15:00 na Mszy Świętej sprawowanej w intencji rodzin z danej ulicy (bloku / domu), które terytorialnie obejmuje parafia.</strong></p>
<p>Chcielibyśmy, żeby do kościoła przybyli przedstawiciele rodzin a szczególnie Ci którzy z tradycyjnej kolędy w tym roku nie skorzystają. Po zakończonej Mszy będziemy rozdawali wodę święconą (przygotowaną już w buteleczkach), obrazek z tekstem modlitwy błogosławieństwa oraz poświęconą kredę do oznaczenia drzwi naszych mieszkań. Naszą modlitwą pragniemy okazać duchowe wsparcie dla wszystkich, zmagających się z pandemią a szczególnie chorych, przebywających w szpitalach lub na kwarantannie.</p>
<p>Zachęcamy, aby druga część modlitwy miała miejsce w mieszkaniach / domach w czasie „Wieczoru kolędowego” w gronie rodziny, bez obecności kapłana. Taki uroczysty wieczór będzie przedłużeniem i okazją do przekazania błogosławieństwa, otrzymanego w świątyni parafialnej. Prosimy, aby to spotkanie rodziny – nie odbywało się w pośpiechu, ale z głębokim duchowym przeżyciem liturgii domowej. Dobrze by było przygotować mieszkanie tak jak robimy to, gdy przychodzi kapłan. Przedstawiciel rodziny niech poprowadzi to spotkanie modlitewne pamiętając o obecności Boga we wspólnocie.</p>
<p><strong>Można posłużyć się poniższym schematem:</strong></p>
<p>1. Śpiew kolędy – np. „Wśród nocnej ciszy” lub „Gdy się Chrystus rodzi”.<br>2. Zapalenie świec.<br>3. Prowadzący wykonuje znak krzyża.<br>4. Wypowiada słowa:<br>Kochani, nadszedł szczególny czas, kiedy to gromadzimy się przy kolędowym stole, aby prosić Boga o błogosławieństwo dla Nas i zawierzyć Mu naszą Rodzinę i nas samych. W łączności duchowej z kapłanami naszej parafii, prośmy Pana o oddalenie epidemii i o szczególne łaski tak bardzo potrzebne dla każdego z nas. Niech nasza modlitwa dotrze do Boga, niech będzie to chwila adoracji Bożej Dzieciny, a tym samym oddaniem chwały Bogu w Trójcy Jedynemu.<br>5. Indywidualna modlitwa w ciszy / wypowiedziana na głos w osobistych intencjach.<br>6. Wspólna modlitwa „Ojcze nasz”.<br>7. Modlitwa błogosławieństwa (dołączona na obrazku)<br>8. Pokropienie wodą mieszkania.</p>
<p>Po odbytej domowej liturgii, zachęcamy do wspólnej kolacji, aby przedłużyć tę uroczystą chwilę.</p>


<p></p>

<p>Drodzy Parafianie! Okres po świętach Bożego Narodzenia to tradycyjnie czas kolędy w parafiach. Po raz kolejny epidemia utrudnia nam Wizyty Duszpasterskie. Robimy to wyłącznie na wyraźne zaproszenie rodzin. Zapisów można dokonywać poprzez wypisane kartki z zaproszeniem na kolędę i dostarczenie ich do zakrystii lub złożenie na tacę. W celach organizacyjnych prosimy o możliwie jak najszybsze [&hellip;]</p>
