{"id":157,"date":"2014-09-03T09:53:25","date_gmt":"2014-09-03T09:53:25","guid":{"rendered":"http:\/\/rafalk-elblag.pl\/?page_id=157"},"modified":"2018-11-29T08:20:03","modified_gmt":"2018-11-29T08:20:03","slug":"historia-parafii-2","status":"publish","type":"page","link":"https:\/\/rafalk-elblag.pl\/?page_id=157","title":{"rendered":"Historia parafii"},"content":{"rendered":"<p><a href=\"http:\/\/rafalk-elblag.pl\/wp-content\/uploads\/2014\/08\/slide1.jpg\"><img loading=\"lazy\" decoding=\"async\" class=\"size-large wp-image-30 aligncenter\" src=\"http:\/\/rafalk-elblag.pl\/wp-content\/uploads\/2014\/08\/slide1-1024x576.jpg\" alt=\"\" width=\"900\" height=\"506\" srcset=\"https:\/\/rafalk-elblag.pl\/wp-content\/uploads\/2014\/08\/slide1-1024x576.jpg 1024w, https:\/\/rafalk-elblag.pl\/wp-content\/uploads\/2014\/08\/slide1-300x168.jpg 300w, https:\/\/rafalk-elblag.pl\/wp-content\/uploads\/2014\/08\/slide1.jpg 1600w\" sizes=\"auto, (max-width: 900px) 100vw, 900px\" \/><\/a><\/p>\n<p>&nbsp;<\/p>\n<p>&nbsp;<\/p>\n<p>Dnia 16 listopada 1993 r., w \u015bwi\u0119to Matki Bo\u017cej Ostrobramskiej, zosta\u0142a erygowana przez Biskupa Elbl\u0105skiego Andrzeja \u015aliwi\u0144skiego parafia p.w. \u015bw. Rafa\u0142a Kalinowskiego, dla spo\u0142eczno\u015bci elbl\u0105skiego osiedla \u201eNad Jarem\u201d. Pierwszym proboszczem zosta\u0142 mianowany ks. Adam \u015aniechowski, pe\u0142ni\u0105cy wcze\u015bniej funkcj\u0119 proboszcza parafii p.w. Matki Boskiej Cz\u0119stochowskiej w Redakach oraz dyrektora ekonomicznego Wy\u017cszego Seminarium Duchownego w Elbl\u0105gu. Parafia zosta\u0142a wyodr\u0119bniona z terenu parafii \u015bw. Brata Alberta. Pocz\u0105tkowo to w kaplicy tamtejszej parafii by\u0142y sprawowane Msze \u015awi\u0119te. Dopiero na wiosn\u0119 1994 r. ustawiono na placu przeznaczonym pod budow\u0119 ko\u015bcio\u0142a wiat\u0119, pod kt\u00f3r\u0105 by\u0142y sprawowane sakramenty \u015bwi\u0119te. W 1994 r. powstaje murowana, tymczasowa kaplica, kt\u00f3ra do 2012 r. s\u0142u\u017cy\u0142a parafianom za ich g\u0142\u00f3wn\u0105 \u015bwi\u0105tyni\u0119. W grudniu 2003 r. zosta\u0142a oddana do u\u017cytku cz\u0119\u015b\u0107 plebanii wybudowana obok kaplicy, w kt\u00f3rej zamieszkali wikariusze z proboszczem parafii. Przez wcze\u015bniejsze lata ksi\u0119\u017ca mieszkali w mieszkaniach udost\u0119pnianych przez parafian przy ul. Korczaka i Sobieskiego. Z dniem 1 lipca 2002 r. nast\u0105pi\u0142a zmiana proboszcza parafii. Zosta\u0142 nim mianowany przez ksi\u0119dza biskupa Andrzeja \u015aliwi\u0144skiego ks. Wojciech Zwolicki, wikariusz parafii katedralnej p.w. \u015bw. Miko\u0142aja w Elbl\u0105gu. W tym samym roku powstaje przy parafii wsp\u00f3lnota Rodziny Karmelita\u0144skiej, a od 2007 r. Bractwo Szkaplerzne. Przez 16 lat w ko\u015bciele \u015bw. Rafa\u0142a Kalinowskiego Szkaplerz \u015awi\u0119ty przyj\u0119\u0142o 2754 os\u00f3b, a do Bractwa Szkaplerznego wst\u0105pi\u0142y 253 osoby. Od lipca 2002 r. ka\u017cdego szesnastego dnia miesi\u0105ca mo\u017cliwe jest przyj\u0119cie w czasie Mszy \u015awi\u0119tej wieczornej Szkaplerza Karmelita\u0144skiego. Z uwagi na apostolstwo szkaplerzne ko\u015bci\u00f3\u0142 w 2014 r. otrzyma\u0142 drugi tytu\u0142 Matki Bo\u017cej Szkaplerznej i odt\u0105d obok uroczysto\u015bci odpustowych ku czci \u015bw. Rafa\u0142a Kalinowskiego \u2013 20 listopada, parafia \u015bwi\u0119tuje tak\u017ce odpust 16 lipca w \u015bwi\u0119to Matki Bo\u017cej z G\u00f3ry Karmel.<\/p>\n<p>&nbsp;&nbsp;&nbsp;&nbsp;&nbsp;&nbsp;&nbsp;&nbsp; Mijaj\u0105ce lata to tak\u017ce czas sukces\u00f3w budowlanych. Dzi\u0119ki zaanga\u017cowaniu parafian, do 2012 r. przez grup\u0119 ludzi chodz\u0105cych od domu do domu, zosta\u0142y zbierane \u015brodki na budow\u0119 ko\u015bcio\u0142a. Kolejne etapy jego budowy wyznaczaj\u0105 daty: 2004 rok \u2013 budowa fundament\u00f3w pod ko\u015bci\u00f3\u0142, 2007 rok, czyli rok po\u015bwi\u0119cony osobie \u015bwi\u0119tego Rafa\u0142a Kalinowskiego w stulecie jego \u015bmierci, to wydarzenie wmurowania i po\u015bwi\u0119cenia kamienia w\u0119gielnego przez ks. biskupa Jana Styrn\u0119. W 2009 roku przed pasterk\u0105 zosta\u0142y zawieszone i po raz pierwszy zabi\u0142y dzwony: \u201eSybirak\u201d \u2013 dar Zwi\u0105zku Sybirak\u00f3w w Elbl\u0105gu oraz \u201eMaryja\u201d \u2013 dar wsp\u00f3lnoty parafialnej. 2012 rok i uroczysto\u015b\u0107 I Komunii \u015awi\u0119tej to moment, od kt\u00f3rego na sta\u0142e \u017cycie liturgiczne wsp\u00f3lnoty parafialnej przenosi si\u0119 do nowowybudowanego ko\u015bcio\u0142a. W 2016 r. prezbiterium zostaje zamontowany drewniany Krzy\u017c, rok p\u00f3\u017aniej zosta\u0142a po\u015bwi\u0119cona przez ksi\u0119dza biskupa Jana Styrn\u0119 droga krzy\u017cowa, kt\u00f3rej poszczeg\u00f3lne stacje s\u0105 darem rodzin naszej parafii, a w sierpniu ubieg\u0142ego roku zosta\u0142y zamontowane marmurowy o\u0142tarz, ambona i miejsce przewodniczenia. Obecny, 2018 rok, to kolejna inwestycja \u2013 zakup \u0142awek do ko\u015bcio\u0142a. Pierwsza Msza \u015awi\u0119ta w po\u015bwi\u0119canym dzi\u015b ko\u015bciele sprawowana by\u0142a w Bo\u017ce Narodzenie 2009 roku.<\/p>\n<p>&nbsp;&nbsp;&nbsp;&nbsp;&nbsp;&nbsp;&nbsp;&nbsp; W parafii by\u0142y przeprowadzone dwukrotnie misje parafialne. W 2003 r. na 10-lecie istnienia parafii prowadzone przez ojc\u00f3w karmelit\u00f3w, zatytu\u0142owane \u201eOtw\u00f3rzcie drzwi Chrystusowi\u201d, oraz w 2013 r. na 20-lecie parafii prowadzone przez ksi\u0119\u017cy saletyn\u00f3w w Roku Wiary og\u0142oszonym przez papie\u017ca Benedykta XVI. Na przestrzeni lat wielkie znaczenie mia\u0142y tak\u017ce nast\u0119puj\u0105ce wydarzenia religijne: peregrynacja relikwii \u015bw. Teresy od Dzieci\u0105tka Jezus w lipcu 2005 r., peregrynacja obraz\u00f3w Jezusa Mi\u0142osiernego po mieszkaniach parafian w latach 2006-2007, nawiedzenie obrazu Matki Bo\u017cej Cz\u0119stochowskiej 20 i 21 sierpnia 2012 r. Bezspornie przyczynia\u0142y si\u0119 one do o\u017cywienia wiary i skutkowa\u0142y powstawaniem r\u00f3\u017cnych przyparafialnych inicjatyw.<\/p>\n<p>&nbsp;&nbsp;&nbsp;&nbsp;&nbsp;&nbsp;&nbsp;&nbsp; Obok widocznej \u015bwi\u0105tyni w parafii wznoszony jest dzi\u0119ki duszpasterzom<br \/>\ni parafialnym grupom wsp\u00f3lnota Ko\u015bcio\u0142a. Powstaj\u0105ce na przestrzeni lat grupy s\u0105 miejscem formacji dla dzieci, m\u0142odzie\u017cy i doros\u0142ych. Dzieci mog\u0105 w\u0142\u0105cza\u0107 si\u0119 w dzia\u0142anie Liturgicznej S\u0142u\u017cby O\u0142tarza im. \u015aw. Jana Paw\u0142a II oraz w schol\u0119 dzieci\u0119c\u0105 \u201eRafael\u201d. M\u0142odzie\u017c skupia si\u0119 wok\u00f3\u0142 Katolickiego Stowarzyszenia M\u0142odzie\u017cy \u201eBoanerges\u201d, Parafialnego Zespo\u0142u Muzycznego oraz w Grupie Si\u0142ownia. Propozycj\u0105 dla ma\u0142\u017ce\u0144stw i ca\u0142ych rodzin jest: Domowy Ko\u015bci\u00f3\u0142 i Arka Rodzin. Dla doros\u0142ych pragn\u0105cych wzrasta\u0107 w formacji chrze\u015bcija\u0144skiej przeznaczone s\u0105: wspomniane ju\u017c Bractwo Szkaplerzne, \u017bywy R\u00f3\u017caniec, Apostolat modlitwy za kap\u0142an\u00f3w \u201eMargaretka\u201d, Odnowa w Duchu \u015awi\u0119tym \u201eKana Galilejska\u201d, Kr\u0105g Biblijny, Grupa Medytacji Chrze\u015bcija\u0144skiej, Parafialny Zesp\u00f3\u0142 Caritas, Apostolat Mi\u0142osierdzia Bo\u017cego, Wsp\u00f3lnota Krwi Chrystusa<br \/>\ni Duchowa Adopcja Dziecka Pocz\u0119tego.<\/p>\n<p>&nbsp;&nbsp;&nbsp;&nbsp;&nbsp;&nbsp;&nbsp;&nbsp; Opr\u00f3cz grup parafialnych prowadzone jest solidne duszpasterstwo sakramentalne. Ka\u017cdego dnia parafianie mog\u0105 skorzysta\u0107 z sakramentu spowiedzi oraz uczestniczy\u0107 we Mszach \u015awi\u0119tych \u2013 w dni powszednie: rano o godz. 8:00 i wieczorem o godz. 18:00. W niedziel\u0119 natomiast o godz. 7:00, 9:00, 10:30, 12:00, 15:00 i 18:00. Na przestrzeni tych 25 lat w parafii zosta\u0142o ochrzczonych: 1244 osoby, I Komuni\u0119 \u015awi\u0119t\u0105 od 2003 r. przyj\u0119\u0142o 820 os\u00f3b, bierzmowanie przyj\u0119\u0142y 1692 osoby, zawarto 341 sakramentalnych zwi\u0105zk\u00f3w ma\u0142\u017ce\u0144skich i odprowadzono na miejsce wiecznego spoczynku 915 zmar\u0142ych.<\/p>\n<p>&nbsp;&nbsp;&nbsp;&nbsp;&nbsp;&nbsp;&nbsp;&nbsp; Opiek\u0119 duszpastersk\u0105 nad parafi\u0105 sprawowa\u0142o dw\u00f3ch proboszcz\u00f3w (ks. Adam \u015aniechowski i pe\u0142ni\u0105cy t\u0119 funkcj\u0119 obecnie ks. Wojciech Zwolicki), dw\u00f3ch ksi\u0119\u017cy b\u0119d\u0105cych pomoc\u0105 duszpastersk\u0105 (\u015bp. ks. Mieczys\u0142aw Id\u017akowski i obecnie ks. Piotr Bryk), 16 ksi\u0119\u017cy wikariuszy (ks. Jaros\u0142aw Kie\u0142b, ks. Zbigniew Pieczuro, ks. Eugeniusz Grzesik, ks. Robert Kami\u0144ski, ks. Waldemar Joniak, ks. Marian Ja\u017cd\u017cewski, ks. S\u0142awomir Hermanowicz, ks. Pawe\u0142 Guminiak, ks. Jacek Szubrycht, ks. Piotr Molenda, ks. Adrian Wo\u017aniak, ks. Adam Skrzy\u0144ski, ks. Tomasz Wieczorek, ks. S\u0142awomir Milde oraz obecni wikariusze \u2013 ks. Marcin Marciniak i ks. \u0141ukasz Garbacki) oraz jeden diakon (dn Dariusz Marut). Z parafii powo\u0142anych do kap\u0142a\u0144stwa zosta\u0142o 3 ksi\u0119\u017cy diecezjalnych (ks. Piotr Makowski, ks. Grzegorz Wala i ks. Kamil Bober) i jeden salezjanin (ks. Arkadiusz Grabowski, pracuj\u0105cy na misjach w Rosji). Obecnie w Wy\u017cszym Seminarium Duchownym w Elbl\u0105gu studiuje jeden nasz parafianin \u2013 akolita Micha\u0142 Semeniuk, przygotowuj\u0105cy si\u0119 w tym roku do przyj\u0119cia \u015bwi\u0119ce\u0144 diakonatu. Z parafii pochodzi tak\u017ce jedna siostra zakonna \u2013 boromeuszka, s. Jana Gabriel.<\/p>\n<p>&nbsp;&nbsp;&nbsp;&nbsp;&nbsp;&nbsp;&nbsp;&nbsp; Po\u015bwi\u0119cenie ko\u015bcio\u0142a jest wydarzeniem niepowtarzalnym dla \u015bwi\u0105tyni, kt\u00f3ra ju\u017c na wieki tym aktem zostaje oddana jako mieszkanie Boga. Jednak wydarzenie, w kt\u00f3rym bierzemy udzia\u0142 nie zamyka nas na kolejne inicjatywy duszpasterskie. Parafi\u0119 tworzy aktualnie 6359 os\u00f3b, z kt\u00f3rych 22% regularnie, co tydzie\u0144, praktykuje swoj\u0105 wiar\u0119 w czasie niedzielnych nabo\u017ce\u0144stw.<\/p>\n<p>&nbsp;<\/p>\n<p><em>Kr\u00f3tka nota historyczna parafii p.w. \u015bw. Rafa\u0142a Kalinowskiego w Elbl\u0105gu opracowana na uroczysto\u015bci jubileuszu 25-lecia parafii, 17.11.2018 r. przez ks. Marcina Marciniaka. Nota ukaza\u0142a si\u0119 drukiem w Biuletynie parafialnym z dn. 2 i 9 grudnia 2018 r.<\/em><\/p>\n","protected":false},"excerpt":{"rendered":"<p>&nbsp; &nbsp; Dnia 16 listopada 1993 r., w \u015bwi\u0119to Matki Bo\u017cej Ostrobramskiej, zosta\u0142a erygowana przez Biskupa Elbl\u0105skiego Andrzeja \u015aliwi\u0144skiego parafia p.w. \u015bw. Rafa\u0142a Kalinowskiego, dla spo\u0142eczno\u015bci elbl\u0105skiego osiedla \u201eNad Jarem\u201d. Pierwszym proboszczem zosta\u0142 mianowany ks. Adam \u015aniechowski, pe\u0142ni\u0105cy wcze\u015bniej funkcj\u0119 proboszcza parafii p.w. Matki Boskiej Cz\u0119stochowskiej w Redakach oraz dyrektora ekonomicznego Wy\u017cszego Seminarium Duchownego w [&hellip;]<\/p>\n","protected":false},"author":1,"featured_media":0,"parent":0,"menu_order":0,"comment_status":"closed","ping_status":"closed","template":"","meta":{"ngg_post_thumbnail":0,"footnotes":""},"class_list":["post-157","page","type-page","status-publish","hentry"],"_links":{"self":[{"href":"https:\/\/rafalk-elblag.pl\/index.php?rest_route=\/wp\/v2\/pages\/157","targetHints":{"allow":["GET"]}}],"collection":[{"href":"https:\/\/rafalk-elblag.pl\/index.php?rest_route=\/wp\/v2\/pages"}],"about":[{"href":"https:\/\/rafalk-elblag.pl\/index.php?rest_route=\/wp\/v2\/types\/page"}],"author":[{"embeddable":true,"href":"https:\/\/rafalk-elblag.pl\/index.php?rest_route=\/wp\/v2\/users\/1"}],"replies":[{"embeddable":true,"href":"https:\/\/rafalk-elblag.pl\/index.php?rest_route=%2Fwp%2Fv2%2Fcomments&post=157"}],"version-history":[{"count":3,"href":"https:\/\/rafalk-elblag.pl\/index.php?rest_route=\/wp\/v2\/pages\/157\/revisions"}],"predecessor-version":[{"id":3248,"href":"https:\/\/rafalk-elblag.pl\/index.php?rest_route=\/wp\/v2\/pages\/157\/revisions\/3248"}],"wp:attachment":[{"href":"https:\/\/rafalk-elblag.pl\/index.php?rest_route=%2Fwp%2Fv2%2Fmedia&parent=157"}],"curies":[{"name":"wp","href":"https:\/\/api.w.org\/{rel}","templated":true}]}}