{"id":113,"date":"2014-09-02T13:08:42","date_gmt":"2014-09-02T13:08:42","guid":{"rendered":"http:\/\/rafalk-elblag.pl\/?page_id=113"},"modified":"2016-03-01T15:56:15","modified_gmt":"2016-03-01T15:56:15","slug":"kontakt","status":"publish","type":"page","link":"https:\/\/rafalk-elblag.pl\/?page_id=113","title":{"rendered":"Kontakt"},"content":{"rendered":"<p><a href=\"http:\/\/rafalk-elblag.pl\/wp-content\/uploads\/2014\/09\/kontakt.png\"><img loading=\"lazy\" decoding=\"async\" class=\"alignnone size-full wp-image-134\" src=\"http:\/\/rafalk-elblag.pl\/wp-content\/uploads\/2014\/09\/kontakt.png\" alt=\"kontakt\" width=\"590\" height=\"275\" srcset=\"https:\/\/rafalk-elblag.pl\/wp-content\/uploads\/2014\/09\/kontakt.png 590w, https:\/\/rafalk-elblag.pl\/wp-content\/uploads\/2014\/09\/kontakt-300x139.png 300w\" sizes=\"auto, (max-width: 590px) 100vw, 590px\" \/><\/a><\/p>\n<h2><span style=\"color: #666699;\"><strong>Parafia rzymskokatolicka<\/strong><\/span><br \/>\n<span style=\"color: #666699;\"><strong>pw. \u015bw. Rafa\u0142a Kalinowskiego w Elbl\u0105gu<\/strong><\/span><\/h2>\n<h3><span style=\"color: #333333;\">ul. Sobieckiego 37, 82-300 Elbl\u0105g,<\/span><br \/>\n<span style=\"color: #333333;\"> tel.: 55 648 &#8211; 50 &#8211; 20<\/span><br \/>\n<span style=\"color: #333333;\"> www.rafalk-elblag.pl<\/span><\/h3>\n<h2 style=\"text-align: center;\"><span style=\"color: #333399;\"><strong>Numer Konta Parafialnego<\/strong><\/span><br \/>\n<span style=\"color: #333399;\"> <strong> PKO BP 72 1020 1752 0000 0102 0069 6047<\/strong><\/span><\/h2>\n","protected":false},"excerpt":{"rendered":"<p>Parafia rzymskokatolicka pw. \u015bw. Rafa\u0142a Kalinowskiego w Elbl\u0105gu ul. Sobieckiego 37, 82-300 Elbl\u0105g, tel.: 55 648 &#8211; 50 &#8211; 20 www.rafalk-elblag.pl Numer Konta Parafialnego PKO BP 72 1020 1752 0000 0102 0069 6047<\/p>\n","protected":false},"author":1,"featured_media":0,"parent":0,"menu_order":0,"comment_status":"closed","ping_status":"closed","template":"","meta":{"ngg_post_thumbnail":0,"footnotes":""},"class_list":["post-113","page","type-page","status-publish","hentry"],"_links":{"self":[{"href":"https:\/\/rafalk-elblag.pl\/index.php?rest_route=\/wp\/v2\/pages\/113","targetHints":{"allow":["GET"]}}],"collection":[{"href":"https:\/\/rafalk-elblag.pl\/index.php?rest_route=\/wp\/v2\/pages"}],"about":[{"href":"https:\/\/rafalk-elblag.pl\/index.php?rest_route=\/wp\/v2\/types\/page"}],"author":[{"embeddable":true,"href":"https:\/\/rafalk-elblag.pl\/index.php?rest_route=\/wp\/v2\/users\/1"}],"replies":[{"embeddable":true,"href":"https:\/\/rafalk-elblag.pl\/index.php?rest_route=%2Fwp%2Fv2%2Fcomments&post=113"}],"version-history":[{"count":8,"href":"https:\/\/rafalk-elblag.pl\/index.php?rest_route=\/wp\/v2\/pages\/113\/revisions"}],"predecessor-version":[{"id":1907,"href":"https:\/\/rafalk-elblag.pl\/index.php?rest_route=\/wp\/v2\/pages\/113\/revisions\/1907"}],"wp:attachment":[{"href":"https:\/\/rafalk-elblag.pl\/index.php?rest_route=%2Fwp%2Fv2%2Fmedia&parent=113"}],"curies":[{"name":"wp","href":"https:\/\/api.w.org\/{rel}","templated":true}]}}

<p><a href="http://rafalk-elblag.pl/wp-content/uploads/2014/09/kontakt.png"><img loading="lazy" decoding="async" class="alignnone size-full wp-image-134" src="http://rafalk-elblag.pl/wp-content/uploads/2014/09/kontakt.png" alt="kontakt" width="590" height="275" srcset="https://rafalk-elblag.pl/wp-content/uploads/2014/09/kontakt.png 590w, https://rafalk-elblag.pl/wp-content/uploads/2014/09/kontakt-300x139.png 300w" sizes="auto, (max-width: 590px) 100vw, 590px" /></a></p>
<h2><span style="color: #666699;"><strong>Parafia rzymskokatolicka</strong></span><br />
<span style="color: #666699;"><strong>pw. św. Rafała Kalinowskiego w Elblągu</strong></span></h2>
<h3><span style="color: #333333;">ul. Sobieckiego 37, 82-300 Elbląg,</span><br />
<span style="color: #333333;"> tel.: 55 648 &#8211; 50 &#8211; 20</span><br />
<span style="color: #333333;"> www.rafalk-elblag.pl</span></h3>
<h2 style="text-align: center;"><span style="color: #333399;"><strong>Numer Konta Parafialnego</strong></span><br />
<span style="color: #333399;"> <strong> PKO BP 72 1020 1752 0000 0102 0069 6047</strong></span></h2>

<p>Parafia rzymskokatolicka pw. św. Rafała Kalinowskiego w Elblągu ul. Sobieckiego 37, 82-300 Elbląg, tel.: 55 648 &#8211; 50 &#8211; 20 www.rafalk-elblag.pl Numer Konta Parafialnego PKO BP 72 1020 1752 0000 0102 0069 6047</p>
